v - 7. Suppose -14 = -3*a + 1. Let w be k(a). Let b = 54 + -38. Calculate the highest common divisor of w and b.
16
Let t(w) = -w**2 - w + 4. Let v be t(0). Suppose -4*i + 0*i - 8 = 0. Let s be 12 + v + i + 0. Calculate the highest common factor of s and 140.
14
Suppose 0*p - p + 12 = 0. What is the greatest common divisor of p and 6?
6
Suppose x + 208 = 5*a + 3*x, 0 = a - 4*x - 24. Suppose 216 = 4*k - a. Calculate the highest common divisor of 8 and k.
8
Suppose -26 = -5*s - z, -3*z + 9 + 9 = 3*s. Let k be (-2 - 2)/(1 + 0). Let m = k + s. What is the greatest common factor of 1 and m?
1
Let c be (-78)/21 + 4 + 1858/14. What is the highest common factor of c and 19?
19
Suppose -2*p - s + 136 = -0*p, 4*s - 124 = -2*p. Suppose 0 = 7*m - 2*m - 70. Calculate the greatest common divisor of m and p.
14
Let m(x) = -x + 13. Let l be m(-4). What is the highest common divisor of l and 136?
17
Let z be (2/((-8)/22))/(20/(-40)). What is the greatest common factor of 44 and z?
11
Suppose -3*h - 68 = -5*h. What is the highest common divisor of 85 and h?
17
Let j = -12 + 27. Calculate the highest common factor of j and 75.
15
Suppose 5*s + 21 - 66 = 0. Calculate the greatest common factor of s and 81.
9
Let q = 53 - -155. Calculate the greatest common factor of 26 and q.
26
Let z = 40 - 24. Suppose 4 = -q + z. Let c(s) = 34*s - 6. Let w be c(3). What is the highest common factor of w and q?
12
Let b(f) be the third derivative of 3*f**5/4 - f**4/12 + f**3/6 - 3*f**2. Let c be b(1). What is the highest common factor of c and 11?
11
Suppose -2*a - 5*g + 191 = 0, -8*g - 241 = -2*a - 3*g. Calculate the highest common factor of 12 and a.
12
Let g be 818/5 - (-3)/(-5). Let f = g + -72. Calculate the highest common factor of f and 13.
13
Suppose 3*o - u = o + 34, 68 = 4*o + 5*u. What is the highest common divisor of 136 and o?
17
Let d be 44 - -6 - 2*-1. Calculate the greatest common factor of d and 468.
52
Let q = 0 - -9. Let l be 8 + (1 + -1)/(-1). Let a = l + q. Calculate the highest common factor of 85 and a.
17
Suppose -4*n + 3*n + 35 = 0. Let m = 25 - 11. Calculate the greatest common divisor of m and n.
7
Suppose -5*u = -80 - 115. Suppose -5*l + 102 + 3 = 0. Let a = u - l. Calculate the highest common divisor of 144 and a.
18
Suppose -2*c = 5*f - 15, 3*c - 17 - 18 = 5*f. Let z = -21 - -31. Calculate the highest common factor of z and c.
10
Let s = -12 - -26. Calculate the highest common divisor of 28 and s.
14
Let m = 2 - -2. Let d be (m/(-8))/((-1)/10). What is the highest common divisor of 15 and d?
5
Suppose 9*r - 216 = 3*r. What is the greatest common divisor of 90 and r?
18
Suppose 4*l + 24 = 6*l. What is the highest common factor of l and 84?
12
Suppose d - 24 = -4*u - d, 18 = 3*u - 5*d. Suppose 3*k - t = 19, -u*k + 3*t + 27 = -3*k. Calculate the greatest common divisor of k and 30.
5
Let q = -13 + 20. Suppose -3*s = s - 56. Calculate the highest common factor of q and s.
7
Let j = -10 - -20. Suppose -5*y + 11 = -9. Suppose -y*d = d - j. What is the highest common factor of d and 1?
1
Let v be 200/14 - 4/14. Suppose -z + 14 = -28. What is the greatest common factor of v and z?
14
Suppose 0 = -0*z + 2*z - 66. Suppose -3*b + 6 = -b. Calculate the highest common divisor of z and b.
3
Suppose -1 = -2*p + 3. Suppose p*c + 270 = 5*c. What is the highest common factor of 10 and c?
10
Let l = 3 + -1. Let n = -87 - -90. What is the greatest common divisor of l and n?
1
Let c(y) = -y + 4. Let i be c(-3). Let q = -5 + i. Suppose -3*z + 3 = 0, 0*h - q*z = -4*h + 10. What is the greatest common divisor of h and 2?
1
Let u = 32 - 21. Suppose 3 = 7*p - 4. Calculate the greatest common factor of p and u.
1
Suppose 0 = -h + 3*x + 127, -5*h - 2*x + 79 = -471. What is the greatest common factor of h and 14?
14
Let s = -9 + 11. Suppose s*i + 2*i = 288. What is the greatest common factor of 8 and i?
8
Let d = 6 - -42. Suppose -k + d = -0*k. Calculate the highest common divisor of k and 12.
12
Let r(l) = l**2 + 10*l - 13. Let v be r(-12). Calculate the highest common divisor of 1 and v.
1
Let z = 20 - -68. Calculate the greatest common factor of z and 11.
11
Let q = 3 - 0. Suppose -q*b + 79 = -11. Calculate the greatest common factor of b and 6.
6
Let h(y) = -y**3 - 13*y**2 - 11*y + 16. Let a be h(-12). Suppose -a*p + 32 = 4*o, -p + 3 + 1 = -3*o. What is the greatest common divisor of 63 and p?
7
Let l be ((-2)/3)/(6/(-414)). Calculate the highest common factor of 69 and l.
23
Suppose t + 11 = p, 1 = t - 2. What is the highest common divisor of p and 28?
14
Let y = -18 - -25. Let f be (-4)/(-15 + -1)*4. Calculate the greatest common divisor of f and y.
1
Let x(b) = b**2 - 3*b + 2. Let z be x(4). What is the greatest common divisor of z and 6?
6
Let j = 3 + -1. Let y be 3/(3/(-6)*j). Let x = y + 10. What is the greatest common factor of x and 1?
1
Let h = -3 - -3. Let i(u) = u**3 + u**2 + u + 44. Let d be i(h). Calculate the highest common divisor of d and 11.
11
Let w(t) = t**3 - 2*t**2 - 6*t + 3. Let r(m) = -m**3 + 7*m**2 + 10*m - 12. Let a be r(8). Let i be w(a). Calculate the highest common divisor of 11 and i.
11
Let u(i) = 13*i**2 + i + 10. Let k be u(-3). Calculate the greatest common divisor of k and 31.
31
Let l be (-9)/(-36) + 151/4. What is the greatest common factor of l and 38?
38
Let f be (68 + -3)*4/10. Suppose 12*b - 18*b + 78 = 0. Calculate the greatest common factor of b and f.
13
Suppose -q = 3*q - 44. Let z = -7 + 51. What is the highest common factor of z and q?
11
Suppose 5*g - 56 = 3*f, 5*g + 2*f = -3 + 49. Calculate the greatest common factor of 30 and g.
10
Let t be (-180)/(-27)*(-3 - 0). Let b = -10 - t. Let k = 16 - -9. Calculate the highest common divisor of b and k.
5
Suppose 0*w - 3*w + 87 = 0. Suppose 2 = -u + w. Calculate the greatest common factor of 18 and u.
9
Let t = -1 + -10. Let p = -6 - t. Let m be ((-1)/(-1))/(p/275). Calculate the greatest common factor of m and 5.
5
Suppose -6*t = -t + 10, -5*w + 7 = 4*t. What is the greatest common factor of w and 2?
1
Let h be (-9)/((-54)/(-28) - 2). What is the greatest common factor of h and 42?
42
Suppose -13*q = -226 + 31. Suppose -2*u + 0*u = 0. Suppose -a = 3*i - 43, a = -4*i - u*a + 58. Calculate the highest common factor of i and q.
15
Let z = -44 + 107. What is the highest common factor of 42 and z?
21
Suppose 0*k - 4*k + 88 = 0. Suppose 0*z - 6 = 3*z. Let a = z + 4. Calculate the highest common factor of k and a.
2
Suppose -38*q - 96 = -44*q. What is the highest common divisor of 8 and q?
8
Let f(x) = -3*x + 0*x + x + x**2 - 5 - 6*x. Let c be f(9). Suppose -c*d = -v + 5*v - 264, 0 = 2*d - 6. What is the highest common factor of v and 9?
9
Let n(p) be the third derivative of 1/20*p**5 + 0 + p**2 + 5/24*p**4 - p**3 + 0*p. Let u be n(6). What is the greatest common divisor of 12 and u?
12
Suppose -2*x + 0*x = -56. Suppose -5*r + 32 + x = 0. Calculate the highest common divisor of r and 4.
4
Suppose -o = 6 - 16. Let j = 10 - 6. Suppose 2*x = -4*a + 11 + 5, -j*x = -4*a - 8. What is the greatest common divisor of o and x?
2
Suppose -10 + 1 = -s. Let o be 1*(0/5 + 81). What is the highest common divisor of s and o?
9
Let l = -17 + 43. What is the greatest common factor of 13 and l?
13
Let r be (23 + -22)*(0 - -45). Let q be (1 + -1 - 1)*-5. Calculate the highest common divisor of q and r.
5
Let x(d) = 5*d**2 - 20*d - 15. Let c be x(7). What is the highest common divisor of 18 and c?
18
Suppose 4*b - 69 + 25 = 0. Suppose n = -5*a + 21, n = a + a - 7. What is the highest common factor of n and b?
1
Suppose 20 + 136 = 12*k. Calculate the greatest common divisor of k and 39.
13
Let y = 150 + -95. Calculate the highest common factor of y and 11.
11
Suppose -4*v + 2*b + 132 = 12, 4*v - 120 = b. Calculate the greatest common factor of 30 and v.
30
Let f(q) be the first derivative of q**3/3 - q**2/2 - 4*q + 2. Let n be f(-6). Calculate the highest common factor of n and 95.
19
Let q = -3 + -1. Let s(c) = -c**3 - 2*c**2 + 7*c + 6. Let w be s(q). What is the greatest common factor of w and 4?
2
Suppose 2*w + 4 = -2*f - 2*f, -3*f - 4*w - 8 = 0. Suppose 5*k - 57 = 3*m + 18, -3*k + 3*m + 45 = f. What is the greatest common divisor of k and 75?
15
Let c = 197 + -165. What is the greatest common factor of 